20844 is divided by 75?
69
What is the remainder when 464 is divided by 448?
16
What is the remainder when 9113 is divided by 566?
57
What is the remainder when 4704 is divided by 23?
12
Calculate the remainder when 1014 is divided by 159.
60
What is the remainder when 26033 is divided by 170?
23
What is the remainder when 681409 is divided by 27?
10
Calculate the remainder when 150926 is divided by 25147.
44
Calculate the remainder when 4830823 is divided by 182.
179
Calculate the remainder when 126518 is divided by 217.
7
What is the remainder when 3664 is divided by 2430?
1234
What is the remainder when 808 is divided by 30?
28
What is the remainder when 11303 is divided by 361?
112
What is the remainder when 27415 is divided by 977?
59
What is the remainder when 41378 is divided by 155?
148
What is the remainder when 1002 is divided by 248?
10
What is the remainder when 5773854 is divided by 752?
750
What is the remainder when 41754 is divided by 20861?
32
What is the remainder when 11650 is divided by 2028?
1510
Calculate the remainder when 594 is divided by 158.
120
What is the remainder when 328859 is divided by 270?
269
Calculate the remainder when 26784 is divided by 367.
360
What is the remainder when 656206 is divided by 179?
171
Calculate the remainder when 8909 is divided by 18.
17
Calculate the remainder when 1914 is divided by 954.
6
What is the remainder when 1799 is divided by 875?
49
What is the remainder when 28667 is divided by 94?
91
Calculate the remainder when 653 is divided by 207.
32
Calculate the remainder when 48837 is divided by 12156.
213
Calculate the remainder when 10515 is divided by 876.
3
Calculate the remainder when 73911 is divided by 3890.
1
Calculate the remainder when 4900 is divided by 699.
7
What is the remainder when 90044 is divided by 112?
108
What is the remainder when 7022 is divided by 6982?
40
What is the remainder when 7293 is divided by 48?
45
Calculate the remainder when 3982 is divided by 1295.
97
Calculate the remainder when 7825 is divided by 7765.
60
Calculate the remainder when 3401307 is divided by 30.
27
What is the remainder when 9761804 is divided by 159?
158
What is the remainder when 23120 is divided by 858?
812
Calculate the remainder when 45723 is divided by 39.
15
Calculate the remainder when 3239 is divided by 463.
461
Calculate the remainder when 5847 is divided by 74.
1
Calculate the remainder when 215987 is divided by 75.
62
Calculate the remainder when 5938 is divided by 294.
58
What is the remainder when 11646 is divided by 260?
206
What is the remainder when 304538 is divided by 1285?
1278
Calculate the remainder when 2376248 is divided by 371.
364
Calculate the remainder when 6251 is divided by 6233.
18
Calculate the remainder when 1486 is divided by 375.
361
What is the remainder when 5501 is divided by 8?
5
What is the remainder when 4140 is divided by 1360?
60
Calculate the remainder when 421968 is divided by 57.
54
What is the remainder when 73004 is divided by 22?
8
Calculate the remainder when 1343374 is divided by 16.
14
Calculate the remainder when 174346 is divided by 1082.
144
Calculate the remainder when 1640 is divided by 523.
71
What is the remainder when 249404 is divided by 49875?
29
Calculate the remainder when 36241 is divided by 421.
35
What is the remainder when 305793 is divided by 859?
848
What is the remainder when 19382 is divided by 90?
32
Calculate the remainder when 22357 is divided by 59.
55
Calculate the remainder when 1228 is divided by 204.
4
What is the remainder when 191 is divided by 15?
11
What is the remainder when 474114 is divided by 1992?
18
What is the remainder when 9025 is divided by 127?
8
What is the remainder when 38990 is divided by 817?
591
What is the remainder when 282 is divided by 253?
29
Calculate the remainder when 6888 is divided by 492.
0
Calculate the remainder when 859609 is divided by 95512.
1
What is the remainder when 18284 is divided by 2608?
28
Calculate the remainder when 70228 is divided by 1080.
28
Calculate the remainder when 1664 is divided by 84.
68
Calculate the remainder when 69354 is divided by 60.
54
Calculate the remainder when 1980 is divided by 492.
12
What is the remainder when 36268 is divided by 5?
3
Calculate the remainder when 888 is divided by 200.
88
Calculate the remainder when 14204420 is divided by 103.
102
Calculate the remainder when 35780 is divided by 243.
59
Calculate the remainder when 174433 is divided by 50.
33
What is the remainder when 1993 is divided by 40?
33
What is the remainder when 33875 is divided by 20?
15
What is the remainder when 35513 is divided by 53?
3
What is the remainder when 251044 is divided by 8963?
80
What is the remainder when 12118 is divided by 19?
15
What is the remainder when 1623 is divided by 180?
3
Calculate the remainder when 142114 is divided by 7105.
14
What is the remainder when 124975 is divided by 398?
3
What is the remainder when 5794 is divided by 476?
82
Calculate the remainder when 49778 is divided by 379.
129
What is the remainder when 69402 is divided by 2477?
46
What is the remainder when 19992 is divided by 1324?
132
Calculate the remainder when 5298 is divided by 400.
98
Calculate the remainder when 7260 is divided by 31.
6
Calculate the remainder when 4277 is divided by 100.
77
What is the remainder when 379 is divided by 99?
82
What is the remainder when 64435 is divided by 32216?
3
Calculate the remainder when 669 is divided by 83.
5
What is the remainder when 101705 is divided by 269?
23
What is the remainder when 9265 is divided by 122?
115
Calculate the remainder when 23045 is divided by 3270.
155
What is the remainder when 12521248 is divided by 126?
124
Calculate the remainder when 6294 is divided by 2059.
117
Calculate the remainder when 20565 is divided by 91.
90
What is the remainder when 434 is divided by 63?
56
Calculate the remainder when 1565577 is divided by 16.
9
What is the remainder when 41948 is divided by 73?
46
Calculate the remainder when 146700 is divided by 45.
0
Calculate the remainder when 98238 is divided by 33.
30
Calculate the remainder when 10552 is divided by 527.
12
What is the remainder when 89175 is divided by 44559?
57
Calculate the remainder when 11711 is divided by 272.
15
What is the remainder when 409757 is divided by 27317?
2
What is the remainder when 14223 is divided by 1995?
258
Calculate the remainder when 157771 is divided by 118.
5
Calculate the remainder when 1266199 is divided by 487.
486
Calculate the remainder when 225521 is divided by 5934.
29
What is the remainder when 124361 is divided by 7?
6
Calculate the remainder when 31181 is divided by 3844.
429
What is the remainder when 5296 is divided by 80?
16
Calculate the remainder when 39981 is divided by 19990.
1
What is the remainder when 2787 is divided by 10?
7
What is the remainder when 33367 is divided by 47?
44
What is the remainder when 214807 is divided by 12?
7
What is the remainder when 5125 is divided by 321?
310
Calculate the remainder when 3405 is divided by 695.
625
What is the remainder when 6119 is divided by 388?
299
What is the remainder when 11217 is divided by 1125?
1092
Calculate the remainder when 6980 is divided by 869.
28
What is the remainder when 3843 is divided by 683?
428
Calculate the remainder when 5874 is divided by 588.
582
Calculate the remainder when 2184 is divided by 1245.
939
Calculate the remainder when 65985 is divided by 892.
869
What is the remainder when 373579 is divided by 516?
511
What is the remainder when 5381 is divided by 2664?
53
Calculate the remainder when 5428 is divided by 290.
208
Calculate the remainder when 10666 is divided by 64.
42
What is the remainder when 231 is divided by 129?
102
Calculate the remainder when 37127 is divided by 4119.
56
What is the remainder when 48510 is divided by 64?
62
Calculate the remainder when 1917 is divided by 468.
45
Calculate the remainder when 2396519 is divided by 945.
944
What is the remainder when 719 is divided by 9?
8
Calculate the remainder when 2960268 is divided by 112.
108
Calculate the remainder when 127966 is divided by 63963.
40
Calculate the remainder when 690 is divided by 522.
168
What is the remainder when 53491 is divided 